[INFO] cloning repository https://github.com/RoccoDev/xc3-sound-replace
[INFO] running `Command { std: "git" "-c" "credential.helper=" "-c" "credential.helper=/workspace/cargo-home/bin/git-credential-null" "clone" "--bare" "https://github.com/RoccoDev/xc3-sound-replace" "/workspace/cache/git-repos/https%3A%2F%2Fgithub.com%2FRoccoDev%2Fxc3-sound-replace", kill_on_drop: false }`
[INFO] [stderr] Cloning into bare repository '/workspace/cache/git-repos/https%3A%2F%2Fgithub.com%2FRoccoDev%2Fxc3-sound-replace'...
[INFO] running `Command { std: "git" "rev-parse" "HEAD", kill_on_drop: false }`
[INFO] [stdout] 01c8d69f1f6b2ab102b870f79966994994155c46
[INFO] checking RoccoDev/xc3-sound-replace against master#e6e4f7ed1589e03bc2f6c5931c1a72e7947e8682 for beta-170-4
[INFO] running `Command { std: "git" "clone" "/workspace/cache/git-repos/https%3A%2F%2Fgithub.com%2FRoccoDev%2Fxc3-sound-replace" "/workspace/builds/worker-7-tc2/source", kill_on_drop: false }`
[INFO] [stderr] Cloning into '/workspace/builds/worker-7-tc2/source'...
[INFO] [stderr] done.
[INFO] validating manifest of git repo https://github.com/RoccoDev/xc3-sound-replace on toolchain e6e4f7ed1589e03bc2f6c5931c1a72e7947e8682
[INFO] running `Command { std: CARGO_HOME="/workspace/cargo-home" RUSTUP_HOME="/workspace/rustup-home" "/workspace/cargo-home/bin/cargo" "+e6e4f7ed1589e03bc2f6c5931c1a72e7947e8682" "metadata" "--manifest-path" "Cargo.toml" "--no-deps", kill_on_drop: false }`
[INFO] started tweaking git repo https://github.com/RoccoDev/xc3-sound-replace
[INFO] finished tweaking git repo https://github.com/RoccoDev/xc3-sound-replace
[INFO] tweaked toml for git repo https://github.com/RoccoDev/xc3-sound-replace written to /workspace/builds/worker-7-tc2/source/Cargo.toml
[INFO] crate git repo https://github.com/RoccoDev/xc3-sound-replace already has a lockfile, it will not be regenerated
[INFO] running `Command { std: CARGO_HOME="/workspace/cargo-home" RUSTUP_HOME="/workspace/rustup-home" "/workspace/cargo-home/bin/cargo" "+e6e4f7ed1589e03bc2f6c5931c1a72e7947e8682" "fetch" "--manifest-path" "Cargo.toml", kill_on_drop: false }`
[INFO] running `Command { std: "docker" "create" "-v" "/var/lib/crater-agent-workspace/builds/worker-7-tc2/target:/opt/rustwide/target:rw,Z" "-v" "/var/lib/crater-agent-workspace/builds/worker-7-tc2/source:/opt/rustwide/workdir:ro,Z" "-v" "/var/lib/crater-agent-workspace/cargo-home:/opt/rustwide/cargo-home:ro,Z" "-v" "/var/lib/crater-agent-workspace/rustup-home:/opt/rustwide/rustup-home:ro,Z" "-e" "SOURCE_DIR=/opt/rustwide/workdir" "-e" "CARGO_TARGET_DIR=/opt/rustwide/target" "-e" "CARGO_HOME=/opt/rustwide/cargo-home" "-e" "RUSTUP_HOME=/opt/rustwide/rustup-home" "-w" "/opt/rustwide/workdir" "-m" "1610612736" "--user" "0:0" "--network" "none" "ghcr.io/rust-lang/crates-build-env/linux@sha256:19e73879b68f455e41552ea35293514db52ea292d993f571636dbffedb77a1ee" "/opt/rustwide/cargo-home/bin/cargo" "+e6e4f7ed1589e03bc2f6c5931c1a72e7947e8682" "metadata" "--no-deps" "--format-version=1", kill_on_drop: false }`
[INFO] [stdout] 83f5a3e90c012d20a174689e3ff4ce84f1999b1cef8d8d83265d61b321a28fb6
[INFO] running `Command { std: "docker" "start" "-a" "83f5a3e90c012d20a174689e3ff4ce84f1999b1cef8d8d83265d61b321a28fb6", kill_on_drop: false }`
[INFO] running `Command { std: "docker" "inspect" "83f5a3e90c012d20a174689e3ff4ce84f1999b1cef8d8d83265d61b321a28fb6", kill_on_drop: false }`
[INFO] running `Command { std: "docker" "rm" "-f" "83f5a3e90c012d20a174689e3ff4ce84f1999b1cef8d8d83265d61b321a28fb6", kill_on_drop: false }`
[INFO] [stdout] 83f5a3e90c012d20a174689e3ff4ce84f1999b1cef8d8d83265d61b321a28fb6
[INFO] running `Command { std: "docker" "create" "-v" "/var/lib/crater-agent-workspace/builds/worker-7-tc2/target:/opt/rustwide/target:rw,Z" "-v" "/var/lib/crater-agent-workspace/builds/worker-7-tc2/source:/opt/rustwide/workdir:ro,Z" "-v" "/var/lib/crater-agent-workspace/cargo-home:/opt/rustwide/cargo-home:ro,Z" "-v" "/var/lib/crater-agent-workspace/rustup-home:/opt/rustwide/rustup-home:ro,Z" "-e" "SOURCE_DIR=/opt/rustwide/workdir" "-e" "CARGO_TARGET_DIR=/opt/rustwide/target" "-e" "CARGO_INCREMENTAL=0" "-e" "RUST_BACKTRACE=full" "-e" "RUSTFLAGS=--cap-lints=forbid" "-e" "RUSTDOCFLAGS=--cap-lints=forbid" "-e" "CARGO_HOME=/opt/rustwide/cargo-home" "-e" "RUSTUP_HOME=/opt/rustwide/rustup-home" "-w" "/opt/rustwide/workdir" "-m" "1610612736" "--user" "0:0" "--network" "none" "ghcr.io/rust-lang/crates-build-env/linux@sha256:19e73879b68f455e41552ea35293514db52ea292d993f571636dbffedb77a1ee" "/opt/rustwide/cargo-home/bin/cargo" "+e6e4f7ed1589e03bc2f6c5931c1a72e7947e8682" "check" "--frozen" "--all" "--all-targets" "--message-format=json", kill_on_drop: false }`
[INFO] [stdout] 4d60bd412a8a4ba0f0facfddcb3085ba6f4e887ab3185cccb729f78d9eebd2b5
[INFO] running `Command { std: "docker" "start" "-a" "4d60bd412a8a4ba0f0facfddcb3085ba6f4e887ab3185cccb729f78d9eebd2b5", kill_on_drop: false }`
[INFO] [stderr]    Compiling syn v1.0.99
[INFO] [stderr]    Compiling skyline_macro v0.1.0 (https://github.com/ultimate-research/skyline-rs.git#12920d76)
[INFO] [stderr]    Compiling lazy_static v1.4.0
[INFO] [stderr]     Checking libc-nnsdk v0.0.1 (https://github.com/ultimate-research/libc-nnsdk.git#a2b8a5b0)
[INFO] [stderr]     Checking fnv v1.0.7
[INFO] [stderr]     Checking nnsdk v0.1.0 (https://github.com/ultimate-research/nnsdk-rs.git#b0be8e9d)
[INFO] [stderr]     Checking skyline v0.1.0 (https://github.com/ultimate-research/skyline-rs.git#12920d76)
[INFO] [stdout] error[E0557]: feature has been removed
[INFO] [stdout]   --> /opt/rustwide/cargo-home/git/checkouts/skyline-rs-652bad0610bd03a8/12920d7/src/lib.rs:14:13
[INFO] [stdout]    |
[INFO] [stdout] 14 |     feature(const_generics, impl_trait_in_bindings, alloc_prelude)
[INFO] [stdout]    |             ^^^^^^^^^^^^^^ feature has been removed
[INFO] [stdout]    |
[INFO] [stdout]    = note: removed in favor of `#![feature(adt_const_params)]` and `#![feature(generic_const_exprs)]`
[INFO] [stdout] 
[INFO] [stdout] 
[INFO] [stdout] error[E0557]: feature has been removed
[INFO] [stdout]   --> /opt/rustwide/cargo-home/git/checkouts/skyline-rs-652bad0610bd03a8/12920d7/src/lib.rs:14:29
[INFO] [stdout]    |
[INFO] [stdout] 14 |     feature(const_generics, impl_trait_in_bindings, alloc_prelude)
[INFO] [stdout]    |                             ^^^^^^^^^^^^^^^^^^^^^^ feature has been removed
[INFO] [stdout]    |
[INFO] [stdout]    = note: the implementation was not maintainable, the feature may get reintroduced once the current refactorings are done
[INFO] [stdout] 
[INFO] [stdout] 
[INFO] [stdout] error[E0557]: feature has been removed
[INFO] [stdout]   --> /opt/rustwide/cargo-home/git/checkouts/skyline-rs-652bad0610bd03a8/12920d7/src/lib.rs:14:13
[INFO] [stdout]    |
[INFO] [stdout] 14 |     feature(const_generics, impl_trait_in_bindings, alloc_prelude)
[INFO] [stdout]    |             ^^^^^^^^^^^^^^ feature has been removed
[INFO] [stdout]    |
[INFO] [stdout]    = note: removed in favor of `#![feature(adt_const_params)]` and `#![feature(generic_const_exprs)]`
[INFO] [stdout] 
[INFO] [stdout] 
[INFO] [stdout] error[E0557]: feature has been removed
[INFO] [stdout]   --> /opt/rustwide/cargo-home/git/checkouts/skyline-rs-652bad0610bd03a8/12920d7/src/lib.rs:14:29
[INFO] [stdout]    |
[INFO] [stdout] 14 |     feature(const_generics, impl_trait_in_bindings, alloc_prelude)
[INFO] [stdout]    |                             ^^^^^^^^^^^^^^^^^^^^^^ feature has been removed
[INFO] [stdout]    |
[INFO] [stdout]    = note: the implementation was not maintainable, the feature may get reintroduced once the current refactorings are done
[INFO] [stdout] 
[INFO] [stdout] 
[INFO] [stdout] error[E0433]: failed to resolve: could not find `prelude` in `alloc`
[INFO] [stdout]    --> /opt/rustwide/cargo-home/git/checkouts/skyline-rs-652bad0610bd03a8/12920d7/src/lib.rs:100:27
[INFO] [stdout]     |
[INFO] [stdout] 100 |     pub use crate::alloc::prelude::v1::*;
[INFO] [stdout]     |                           ^^^^^^^ could not find `prelude` in `alloc`
[INFO] [stdout] 
[INFO] [stdout] 
[INFO] [stdout] error[E0433]: failed to resolve: could not find `prelude` in `alloc`
[INFO] [stdout]    --> /opt/rustwide/cargo-home/git/checkouts/skyline-rs-652bad0610bd03a8/12920d7/src/lib.rs:100:27
[INFO] [stdout]     |
[INFO] [stdout] 100 |     pub use crate::alloc::prelude::v1::*;
[INFO] [stdout]     |                           ^^^^^^^ could not find `prelude` in `alloc`
[INFO] [stdout] 
[INFO] [stdout] 
[INFO] [stdout] error[E0635]: unknown feature `alloc_prelude`
[INFO] [stdout]   --> /opt/rustwide/cargo-home/git/checkouts/skyline-rs-652bad0610bd03a8/12920d7/src/lib.rs:14:53
[INFO] [stdout]    |
[INFO] [stdout] 14 |     feature(const_generics, impl_trait_in_bindings, alloc_prelude)
[INFO] [stdout]    |                                                     ^^^^^^^^^^^^^
[INFO] [stdout] 
[INFO] [stdout] 
[INFO] [stdout] error[E0635]: unknown feature `alloc_prelude`
[INFO] [stdout]   --> /opt/rustwide/cargo-home/git/checkouts/skyline-rs-652bad0610bd03a8/12920d7/src/lib.rs:14:53
[INFO] [stdout]    |
[INFO] [stdout] 14 |     feature(const_generics, impl_trait_in_bindings, alloc_prelude)
[INFO] [stdout]    |                                                     ^^^^^^^^^^^^^
[INFO] [stdout] 
[INFO] [stdout] 
[INFO] [stdout] error: aborting due to 4 previous errors
[INFO] [stdout] 
[INFO] [stdout] 
[INFO] [stdout] Some errors have detailed explanations: E0433, E0557, E0635.
[INFO] [stdout] 
[INFO] [stdout] For more information about an error, try `rustc --explain E0433`.
[INFO] [stdout] 
[INFO] [stdout] error: aborting due to 4 previous errors
[INFO] [stdout] 
[INFO] [stdout] 
[INFO] [stdout] Some errors have detailed explanations: E0433, E0557, E0635.
[INFO] [stdout] 
[INFO] [stdout] For more information about an error, try `rustc --explain E0433`.
[INFO] [stdout] 
[INFO] [stderr] error: could not compile `skyline` (lib) due to 5 previous errors
[INFO] [stderr] warning: build failed, waiting for other jobs to finish...
[INFO] [stderr] error: could not compile `skyline` (lib) due to 5 previous errors
[INFO] running `Command { std: "docker" "inspect" "4d60bd412a8a4ba0f0facfddcb3085ba6f4e887ab3185cccb729f78d9eebd2b5", kill_on_drop: false }`
[INFO] running `Command { std: "docker" "rm" "-f" "4d60bd412a8a4ba0f0facfddcb3085ba6f4e887ab3185cccb729f78d9eebd2b5", kill_on_drop: false }`
[INFO] [stdout] 4d60bd412a8a4ba0f0facfddcb3085ba6f4e887ab3185cccb729f78d9eebd2b5
